ative of j(k). What is the units digit of h(5)?
4
Suppose 5*v = -i - 4*i - 105, 0 = 5*i - 4*v + 60. Let x = 37 + i. What is the tens digit of x?
2
Let h(j) = 3*j - 10. Let a be h(8). Let g = 21 - a. What is the units digit of g?
7
Let w = -1 - -4. Let p = 4 - w. What is the units digit of p?
1
Let c = 19 - 5. Suppose 0 = -4*a + a - 2*g, -4*a = -2*g + c. Let s = a + 3. What is the units digit of s?
1
Let t(d) = -12*d - 3. What is the tens digit of t(-3)?
3
Suppose 0 = h - w - 11, -2*h + 20 = -4*w - 12. What is the units digit of h?
6
Let c(g) = 2*g**2 + g. Let t be c(1). Suppose -4*z = -2*b - 12, t*b - 4 - 2 = 0. What is the units digit of z?
4
Let r be 2/(-8) + 39/12. Let j be (-33)/(-27) + 4/(-18). Suppose -j = 2*b - r*b. What is the units digit of b?
1
Let n(g) = -g**3 - 3*g**2 + 4*g + 1. Let p be n(-4). Suppose -4*o = p - 13, 5*v - 7 = o. What is the units digit of 60/16 - v/(-8)?
4
Let y = 14 + 4. Suppose -3*a = y - 156. What is the tens digit of a?
4
Let y be -2 + 3/1 + 1. Let p be (3*8)/(1/y). Let c = -30 + p. What is the tens digit of c?
1
Suppose 8 = -4*k + 48. Let l(j) = j + 2. What is the tens digit of l(k)?
1
Let r(n) = 7*n + 6. Let v be r(6). Let p = v - 23. Suppose -4*l + p = l. What is the units digit of l?
5
Suppose 35 = k + 2*c - 4, -k + 60 = -5*c. Suppose 4*m + k = 9*m. What is the units digit of m?
9
Let l = 62 + -5. What is the tens digit of l?
5
Let d be (-75)/4 - (-2)/(-8). Let z = 31 + d. Let t = 19 - z. What is the units digit of t?
7
What is the units digit of 2 + 8/4 - -37?
1
Let p(a) = -59*a. Let b be p(-1). Let u = 88 - b. What is the units digit of u?
9
Suppose 5*x + 37 = 4*p, 5*x = 3*p - 15 - 19. Suppose p*d - b + 21 + 16 = 0, -2 = -2*b. Let o = 19 + d. What is the units digit of o?
7
Suppose 4*f = 20, -4*f = -q - f - 21. Let l = 11 + q. Suppose l*k - 45 = -0*g - 4*g, k = 5. What is the units digit of g?
5
Suppose 2*o + 0*o = 32. What is the units digit of o - (2 + (-2 - 0))?
6
Let t be ((-4)/(-8))/((-1)/(-142)). Let z = -38 + t. What is the units digit of z?
3
Let n(q) = 2*q**2 - 11*q - 22. What is the tens digit of n(-10)?
8
Suppose -2*m + 1 = -13. What is the units digit of 210/49 - 2/m?
4
Let s(x) = 2*x + 2. What is the units digit of s(3)?
8
Let c be (-60)/10*(-2)/(-3). Let p(z) = -9*z - 6. What is the tens digit of p(c)?
3
Let p(g) = 5*g**2 - 3*g + 1. What is the units digit of p(3)?
7
Suppose 10*p - 15*p = -435. What is the tens digit of p?
8
Let h(t) be the first derivative of t**4/4 + 5*t**3/3 - t**2 + 2*t - 2. Let b be h(-5). Suppose -3*p = b, -3*p = -8*j + 3*j + 22. What is the units digit of j?
2
Suppose -15 = -3*d - 3. Suppose 0 = -3*x + 4*f + 9, -d*f + 57 - 17 = 4*x. Let o(v) = 2*v - 6. What is the units digit of o(x)?
8
Let o be (-1 - (1 + -2)) + 11. Suppose -2*w + o = -5*i - 18, -3*w + 5*i + 31 = 0. Suppose 1 = -3*q - s + 20, -w*q + 4*s + 22 = 0. What is the units digit of q?
7
Suppose q - w - 2*w - 1 = 0, 4*q - 28 = 4*w. Suppose -2*j + 4*l + q = 0, l + 0 = -1. What is the units digit of j?
3
Let h(v) be the third derivative of -v**6/120 - 2*v**5/15 + v**4/12 - 7*v**3/6 - 2*v**2. Let i be h(-7). What is the tens digit of i/(-4) + 4/8?
1
Let m be (-18)/8 - (-2)/8. Let v(o) = o**3 + o**2 + 3*o + 1. Let w be v(m). What is the units digit of (-33)/w - 1/(-3)?
4
Let d(n) = 3*n**2 - 2*n + 103. What is the tens digit of d(0)?
0
Suppose -5*m = 2*l - 421, 735 - 98 = 3*l + 2*m. What is the units digit of l?
3
Let m(v) = v**2 - 2*v - 1. Let b be m(-1). Let t(p) = p + 4. Let f be t(-5). What is the tens digit of 28/b - f - -1?
1
Let v(u) = 5*u + 5. What is the units digit of v(7)?
0
Suppose -2*u - 2 + 30 = 0. Suppose 2*n = -14 - u. What is the units digit of 4/n + (-9)/(-7)?
1
Let g = -16 + 9. Let q(u) = 4 + 6 + u**3 + 8*u**2 + u + 6*u. What is the units digit of q(g)?
0
Let y(n) = -3*n + 2. Let l be y(-4). Suppose 0*g + l = g. Let r = g - 10. What is the units digit of r?
4
Let r = -7 + 41. What is the units digit of r?
4
Suppose -5*m - 5*l = -m - 1296, m - 324 = 3*l. What is the tens digit of m?
2
Let j(i) = -i**3 + 7*i**2 - 4*i - 1. What is the units digit of j(5)?
9
Suppose 3*f - 397 = -2*h, 3*h + 10 = 8*h. What is the hundreds digit of f?
1
Let v(h) = h**3 - 7*h**2 - h + 7. Let a be v(7). Suppose 5*p - 4*j - 92 = a, 2*p + p - 5*j - 63 = 0. Suppose -49 = -5*b + p. What is the units digit of b?
3
Let a be (8/16)/(1/(-42)). Let t = 33 + a. What is the units digit of t?
2
Let i be -3 - -10 - (0 + 2). Let l = 14 + -9. Suppose i*r - l = 15. What is the units digit of r?
4
Let i = 7 - 0. Let g = -4 - 1. Let m = i + g. What is the units digit of m?
2
Suppose 81 = -5*q + 6. What is the units digit of (-2)/5 + (-81)/q?
5
Let n(m) = m**2 + 4*m - 2. Let l be n(-5). Let r = l + -6. Let y = r - -4. What is the units digit of y?
1
Let r be (-2)/(-9) + 710/45. Suppose 5*q - 80 = -4*k, -2*q + r = q - 4*k. What is the units digit of q?
2
Let c(x) = -x**2 - 5*x + 8. Let z be c(-6). Suppose -z*b - 4*o + 0 = -6, -5*o = -5*b + 15. What is the units digit of b?
3
What is the tens digit of 9*(-33)/(-9) + 4?
3
Suppose -3*o = -2*o + c - 24, 120 = 5*o + 2*c. What is the units digit of o?
4
Suppose -64 - 1 = -5*y. What is the units digit of y?
3
Suppose 3*j + 7 = 2*r + 4*j, r + 4 = j. What is the units digit of r?
1
Let j(x) = x**2 - 2*x - 5. Let u(n) = n**2 - n - 3. Let r(v) = -3*j(v) + 5*u(v). Let s = 8 + -11. What is the tens digit of r(s)?
1
Let i = 158 - 47. What is the units digit of i?
1
Let h(k) = k + 8. Let x be h(-4). Suppose 4*f + b - 144 = 0, -3*f + x*b + 109 = -18. What is the tens digit of f?
3
Let m = -31 - -60. What is the units digit of m?
9
Let l(y) = y**2 - 5*y - 2. Let v(r) be the third derivative of -r**3/6 + 4*r**2. Let f(b) = l(b) + 6*v(b). What is the units digit of f(7)?
6
Let v(h) = h**3 + h**2 + h + 35. What is the tens digit of v(0)?
3
Let m(v) = 6*v - 2 - 17*v + 1. Let w be (2/(-4))/(1/2). What is the units digit of m(w)?
0
Let u be -6*(2 - 4/(-3)). What is the units digit of (-52)/u + 4/10?
3
Suppose 4*c = -3*x, 0 = 2*c + c - 9. Let r = x + 6. Suppose i - 35 = -5*w, w + i - 5 - r = 0. What is the units digit of w?
7
Let k be (-2)/1*(-1)/1. Suppose -6*s + k*s = -44. Suppose 3*j - s = -x, 7*x - 3*x - 30 = -5*j. What is the units digit of j?
2
Let f = -14 + 2. Let l = f + 17. What is the units digit of l?
5
Suppose 0 = 2*v + 3*r - 2, 0 = -4*v - 0*v - r - 16. Let s(t) = -5*t - 2. Let h be s(v). Suppose 3*o - 33 = 3*z, h = 3*o - z + 3*z. What is the units digit of o?
9
What is the units digit of 27/3*(-24)/(-9)?
4
Let x(s) = s**2 - 6*s + 1. Let a be x(-3). Let i = a - 17. What is the tens digit of i?
1
Let d(u) = -u**3 - 5*u**2 + 5*u + 3. What is the units digit of d(-6)?
9
Suppose 0 = 2*l - 7 - 35. What is the tens digit of l?
2
Let z be 436/8 - (-12)/8. What is the units digit of (z/10)/((-10)/(-25))?
4
Suppose 3*x - p = 22, 2*x - 4*p = 4*x - 10. Let a(n) = 3*n + 8. What is the units digit of a(x)?
9
Let b(a) = -a**3 - 9*a**2 + 14*a + 5. Let p be b(-9). Let r = p + 175. What is the units digit of r?
4
Suppose 533 = 4*u - 43. What is the units digit of 14/4*u/28?
8
Let j(t) = -t**2. Suppose 8*m - 3*m = 0. Let y be j(m). Let v = 2 - y. What is the units digit of v?
2
Suppose -14 = v - 4*s, 0*s - 2*s - 20 = -5*v. Suppose 4*x - v = 2*x. What is the units digit of x?
3
Suppose -2*f + 7 = -3. Let p(b) = -b**2 + 10. Let v(c) = -2*c**2 + c + 19. Let d(t) = -7*p(t) + 4*v(t). What is the units digit of d(f)?
1
Let j(l) = 24*l**2 - 2*l - 1. Let k be j(-1). Suppose x + k = 6*x. What is the units digit of x?
5
Let k(g) = g**2 - 6*g - 3. Let y be k(7). Suppose -y*j + 7*j - 36 = 0. What is the units digit of j?
2
Let v(j) = j**3 - 5*j**2 - 3*j - 12. Suppose 4*x + 16 - 40 = 0. What is the units digit of v(x)?
6
What is the tens digit of 5/3 - 548/(-6)?
9
Let u be (1 + -4)*1/(-1). Suppose -3*j = 4*a + 2, -u*j = -4*j - 3*a + 6. What is the units digit of j*(24/(-9) - -2)?
4
Suppose -3*l = l. What is the tens digit of (-3 - l) + 2 - -19?
1
Let c = 14 - 7. Let a = 13 - c. What is the units digit of a?
6
Let o(j) = -2*j**3 + 5*j**2 - 2*j + 3. Let k(z) = -11*z**3 + 29*z**2 - 11*z + 17. Let q(n) = -6*k(n) + 34*o(n). What is the units digit of q(-2)?
4
Suppose f + 4*m - 6 = 0, -4*f - 2*m - 15 = -39. What is the units digit of